= 14*r - 270. What are the prime factors of r?
3
Let v be 4/(1 + -21) - 56/20. List the prime factors of (-22)/(((27/12)/v)/9).
2, 3, 11
Suppose w - 2*i = 65, -5*w - 5*i = -231 - 64. Suppose 0 = -3*q + 2*t + 440, 59*t - 736 = -5*q + w*t. What are the prime factors of q?
2, 37
Let l be -2 + 7480/35 - 6/(-21). Suppose -l = -2*k + 126. What are the prime factors of k?
13
Let n = 0 + -40. Let g = n + 62. Suppose 0 = 4*a + 3*v - v - 22, -3*a + g = -4*v. List the prime factors of a.
2, 3
Suppose -2*z = -6*i, -39*z + 6 = -38*z. Let n(g) = -7 + 95*g - 13 - 2. List the prime factors of n(i).
2, 3, 7
Let o be (430/3)/1 + 14/21. Suppose 5*h + 10 = 0, 3*h + o = 4*z - 42. Let m = z + 57. What are the prime factors of m?
2, 3, 17
List the prime factors of (-147332)/(-20) - (-208)/(-130).
3, 5, 491
Suppose -2194 = 7*g + 1950. Let y = 847 + g. What are the prime factors of y?
3, 5, 17
Suppose -2*h + 59544 = 4*a, 21*a - 22*a - 2*h = -14895. List the prime factors of a.
3, 11, 41
Suppose 4 - 46 = 2*a. Let c = -21 - a. Suppose -5*j = -c*d + 3*d - 38, -4*d + 2*j + 94 = 0. What are the prime factors of d?
3, 7
Let p(q) = 3*q**2 - 21*q - 135. What are the prime factors of p(37)?
3, 5, 71
Suppose -5*n = -5*w + 310, -2*w - 25 = 3*w. Let o = 22 - n. List the prime factors of o.
89
Let b = -399 + 9038. List the prime factors of b.
53, 163
List the prime factors of ((-6)/2)/((-567)/526689) + (-32)/(-112).
3, 929
Suppose 4*d = -5*t + 19221, -16*d + 13*d + 14418 = 3*t. What are the prime factors of d?
3, 7, 229
Suppose -7*t = 21*t - 8*t - 224900. What are the prime factors of t?
5, 13, 173
Let n = -165 + 165. Suppose -4*l = -n*l + c - 1270, -4*l - 5*c = -1262. What are the prime factors of l?
2, 3, 53
Suppose -5*f - 28 + 8 = -3*j, -j = 5*f + 20. Let p = -217 + 405. Suppose -5*d + w + 2*w + p = j, -181 = -5*d - 4*w. List the prime factors of d.
37
Suppose 23128 = 7*v - 30338. List the prime factors of v.
2, 3, 19, 67
Let w be (-2)/(-4)*6 + -584. Let g = w - -269. What are the prime factors of 10/(-55) + g/(-22)?
2, 7
Let c(k) = -k + 11. Suppose a - 43 = -5*o, -3*o = -0*o - 4*a - 35. Let h be c(o). Let y(i) = 49*i - 3. What are the prime factors of y(h)?
5, 19
Let t(d) = -13*d - 3. Let c be (66/15)/(7/(-35)). Let a = -25 - c. What are the prime factors of t(a)?
2, 3
Let u(c) = -c**3 + 4*c**2 - 2*c - 4. Let s be u(4). Suppose 330 = -2*l + 2*f, -l + 88 = 5*f + 289. Let y = s - l. List the prime factors of y.
3, 53
Suppose 2*p + 4 + 10 = -5*h, -h - 19 = -5*p. Let r be h/(-14) - (-390)/105. Suppose -100 = -r*o - 4*x, 0 = -o + 2*x + x + 45. What are the prime factors of o?
2, 3, 5
Let b(n) = 23*n - 93. Let r be b(13). Suppose q - 276 - r = 0. List the prime factors of q.
2, 241
Let a(f) = -429*f + 5567. What are the prime factors of a(-83)?
2, 7, 17, 173
Let s = 17 - -499. Suppose -7*w + s = -5*w. Suppose 39*m - 41*m = -w. What are the prime factors of m?
3, 43
Suppose -190817 = -68*c + 45*c + 293839. List the prime factors of c.
2, 3, 439
Let i(a) = -a**2 - 21*a - 36. Let r be i(-12). Suppose -11*q + 7*q - 4*y + 224 = 0, -5*y = q - r. List the prime factors of q.
2, 13
Let r = 10 + 4. Let z(u) = -u**3 + 13*u**2 + 14*u - 16. Let f be z(r). Let h = -13 - f. List the prime factors of h.
3
Let h = -1112 + 8808. List the prime factors of h.
2, 13, 37
What are the prime factors of 398334/22 + (-137)/1507?
2, 11, 823
Suppose 19*w = 21*w + k + 186, -3*w - 4*k - 284 = 0. List the prime factors of (w/(-12))/(4/(-744))*-1.
2, 23, 31
List the prime factors of (126/(-28) + 5)*(5 + 127481).
63743
Suppose -3*u + 3500 = u - 13084. List the prime factors of u.
2, 3, 691
Let w be (3/2 - 1)/((-4)/352). Let u = w - -20. Let o = -16 - u. List the prime factors of o.
2
Let o = -758 + 642. Let j be (-3 + -299)/(0 - 2). Let x = o + j. What are the prime factors of x?
5, 7
Let l = -237 + 238. List the prime factors of 4 - 16554/(-36) - l/(-6).
2, 29
Let s(p) = -34*p**3 - 2*p**2 - 2*p - 8. Let q be s(-4). Suppose 2*v - v - 2*f = 728, -4*f = 3*v - q. List the prime factors of v.
2, 3, 5
Let o(z) = -6*z - 32. Let m be o(-3). What are the prime factors of 13*(-6 - 2 - m)?
2, 3, 13
Let n = -16815 - -61480. List the prime factors of n.
5, 8933
Let k = 384 - 949. Let b = -209 - k. What are the prime factors of b?
2, 89
Suppose 7*q + 4989 = 10*q. Let c = q - 952. What are the prime factors of c?
3, 79
Let k = 33 + -29. Suppose 2*c = 3*c + k*o - 189, -2*o = 2*c - 360. Let p = 261 - c. List the prime factors of p.
2, 3, 7
Let q(u) be the second derivative of u**5/20 + 5*u**4/4 + 29*u**3/6 + 10*u**2 + 30*u + 3. List the prime factors of q(-8).
2, 59
Let z(r) be the first derivative of -r**4/4 - 19*r**3/3 - 21*r**2/2 + 12*r + 1. Let g = 601 + -619. List the prime factors of z(g).
2, 3, 11
Let h = 500 + -482. List the prime factors of (-188)/423 - (-4436)/h.
2, 3, 41
Let i be 4/40 - 9459/90. What are the prime factors of -120*7/i*9?
2, 3
Suppose -3*p + 26 = 17. Suppose 0 = -p*r + 1586 + 1129. List the prime factors of r.
5, 181
What are the prime factors of (-51373)/(-25) - 108/(-1350)?
3, 5, 137
Suppose 3*l = 17*l + 854. Let p = 66 + l. Suppose 529 = p*h + 119. What are the prime factors of h?
2, 41
Let q(j) = j**3 + 11*j**2 - 11*j + 1143. What are the prime factors of q(21)?
2, 3, 313
Let r = 37014 - 34545. What are the prime factors of r?
3, 823
Suppose -9 = -3*m + 3*c, 0 = m + 5*c + 3. Suppose 3*t + t = j - 1, m*t = 2*j - 2. Suppose t = 2*o - 9*o + 728. What are the prime factors of o?
2, 13
Suppose 213*o = 214*o - 9691. List the prime factors of o.
11, 881
Suppose -l = -5*m + 173, 5*m + 2*l + 2*l = 183. Let h = 80 - m. What are the prime factors of 10/4*186/h*6?
2, 31
Let r(u) = -u**2 - 141*u - 619. What are the prime factors of r(-68)?
5, 11, 79
Suppose -4*g = -3269 - 2727. Suppose 2*z = 5*h - 3795, 8*h - g = 6*h - 3*z. List the prime factors of h.
757
Suppose 2*i - 4*s = -212, -24*i - 517 = -19*i + 3*s. What are the prime factors of i/(-780) + ((-10106)/(-30) - 0)?
337
Suppose 6*b = -2 + 14. Suppose -b*l = -7*l - 90. What are the prime factors of ((-625)/4)/(-5) + l/(-24)?
2
Suppose 10*f = 16*f - 8328. Let w = f - 854. List the prime factors of w.
2, 3, 89
Let i(z) = -13*z + 66. Let w be i(14). Let d = w + 116. Suppose 5*v + h - 463 = -d*h, v - 103 = 5*h. What are the prime factors of v?
3, 31
List the prime factors of ((-620687)/34 - (-30)/36)*3/(-2).
2, 13691
Let p = 2 - -3. Suppose p*o + i = 1874, 3*o + 5*i + 132 = 1252. What are the prime factors of o?
3, 5
Suppose -29*f + 18*f - 64919 + 269464 = 0. List the prime factors of f.
5, 3719
Suppose -15*o + 40480 + 11122 = -5293. What are the prime factors of o?
3793
Let x(m) = 2*m + 11. Let j be x(-3). Suppose -p + 5*a - 2475 = -j*p, 3*p + a - 1870 = 0. What are the prime factors of (-1)/(-2) - p/(-10)?
3, 7
List the prime factors of (-93765)/(-7) + 16 + 2 + 1.
2, 19, 353
Let h(a) = 21*a**3 + a + 1. Let u be h(-1). Let f be (u/(-63))/((-1)/(-15)). Suppose 2*z + 4*v - 146 = 0, 4*z - f*v = 3*z + 80. List the prime factors of z.
3, 5
Suppose 0 = 17*x - 3*x - 14084. Suppose 2*q - 440 - x = 0. List the prime factors of q.
3, 241
Let y = -78383 - -116836. List the prime factors of y.
38453
Let x(z) = 2*z**3 + 39*z**2 + 28*z + 21. Suppose 7*q - 10*q = 3*a + 42, 4*a = 5*q + 106. What are the prime factors of x(q)?
3, 163
Let g = -4099 + 6035. What are the prime factors of g?
2, 11
What are the prime factors of 90*((-490)/(-4) + (-7 - -2))?
3, 5, 47
Let c(t) = 19 - 5*t - 3*t + 7*t - 27*t. List the prime factors of c(-6).
11, 17
Let o(c) = -c**3 + c - 2. Let a be (11/3)/((-10)/(-30)). Suppose -15*x = -a*x + 8. List the prime factors of o(x).
2
Let j be (-87 - 10)/(-2 - 10/(-6)). Suppose u = 9 - j. Let q = -103 - u. List the prime factors of q.
179
List the prime factors of 9/(189/6846)*(-219)/(-6).
73, 163
Let l = 226 - 221. Suppose -6*a + l*a = 5*s - 496, 4*a - 2008 = 4*s. List the prime factors of a.
3, 167
Suppose 119897 = 55*h - 98178. What are the prime factors of h?
5, 13, 61
Let g be ((-16)/(-3))/((-10)/(1080/6)). List the prime factors of 5/((26/g)/(-13)).
2, 3, 5
Suppose 5*d - 4*x - 8403 = 0, 0 = 4*d + 5*x - 8*x - 6722. Suppose -14*t + 981 = -d. List the prime factors of t.
2, 5, 19
Suppose -2*y = 5*o - 425, 2*y - o = -2*o + 421. Let i = y + -133. List th